 of (-16)/z + (-1)/(-3)?
3
Suppose 0 = f - 2. Suppose -4 = -f*q - 2*x, -x = 4*q + 3 - 26. List the prime factors of q.
7
Let d be -4*(1/2)/(-1). Suppose -d = -5*b + 23. List the prime factors of b.
5
Suppose 4*l = -b - 19, l - 3*l = -2*b + 12. Let z(o) = -5*o - 6. List the prime factors of z(l).
19
Let m be 71/3 + (-6)/9. Suppose -2*u - m = -73. What are the prime factors of u?
5
Let s(m) = m + 14. Let u(i) = -i**3 - 7*i**2 - 10. Let b be u(-7). Let k be s(b). Suppose k*g - 10 = -3*q, 32 = 5*q + 2*g - 3*g. List the prime factors of q.
2, 3
What are the prime factors of 0 - 7/(7/(-15))?
3, 5
Let c(h) be the first derivative of 2*h + 1/3*h**3 - 5/2*h**2 - 1. What are the prime factors of c(6)?
2
Let z(m) = -m**3 + 7*m**2 + 3*m - 7. Let s = 6 - -1. What are the prime factors of z(s)?
2, 7
Let o(w) = 4*w**2 - 5*w + 4. Let v be o(3). Let b = v + -17. What are the prime factors of b/6*(-30)/(-4)?
2, 5
Let n(r) = r**3 + 7*r**2 + 2*r - 8. Let s be n(-6). Suppose -204 = 12*p - s*p. List the prime factors of p.
3, 17
Suppose 0 = -6*p + 5*p + 71. What are the prime factors of p?
71
Let s be 8/20 + (-33)/(-5). Suppose -2*k - 2 + 0 = -u, 1 = -k - 4*u. Let l = s - k. What are the prime factors of l?
2
What are the prime factors of (-18)/(-15)*20/4?
2, 3
Suppose 4*f + 9 = -3. Let p(c) be the second derivative of -c**3/3 - c. What are the prime factors of p(f)?
2, 3
Let o be (0 + 32)*(2 + -1). Suppose 5*x - x + 4*c - o = 0, -5*c = -x + 2. List the prime factors of x.
7
Let i be 15/(-45) - 44/(-6). List the prime factors of 270/35 - (-2)/i.
2
Suppose 0 = -4*w - 54 - 30. Let z(k) = -5*k + 6. Let r be z(4). List the prime factors of w/r*(-8)/(-6).
2
Suppose d = -0*d - 11. Let s = -7 - d. List the prime factors of s.
2
Let l be 7/2*(-1 - 1). List the prime factors of 2/l + 30/7.
2
Let q be 0 - (-3 + 1 + -2). Let g = q - 2. List the prime factors of g.
2
What are the prime factors of (-3038)/(-21) + (-4)/6?
2, 3
Suppose 0 = -w + 4*o - 0*o + 4, 4*o - 4 = 0. What are the prime factors of w?
2
Let f(r) = r**3 - 3*r**2 - 7*r + 7. List the prime factors of f(5).
2, 11
Let n(p) = 2*p**2 - 9*p + 8. What are the prime factors of n(7)?
43
Let j(y) = -2*y - 7. Let t be j(-5). Let r(s) = 3*s**2 + 2*s - 2. What are the prime factors of r(t)?
31
Let y = 19 + 6. Let k be (y/2)/(2/4). Suppose 3*i = -4 + k. What are the prime factors of i?
7
Let p = -11 + 5. Let t = -1 - p. Suppose 24 = t*s - s. What are the prime factors of s?
2, 3
Suppose -a = -23 + 5. List the prime factors of a.
2, 3
Let s = 31 + -16. List the prime factors of s.
3, 5
What are the prime factors of (6/(-11))/(-3) + 1178/418?
3
List the prime factors of ((-7)/(-21))/((-1)/(-105)).
5, 7
Suppose 106 + 179 = 5*z. Suppose -3*n = -3*g + 27, 4*g = n - 5 + 29. Suppose -z - 8 = -g*y. List the prime factors of y.
13
Suppose -3*c = t + 2*t - 147, -70 = -2*c + 5*t. What are the prime factors of c?
3, 5
Let f(j) be the second derivative of -j**3/6 + 7*j**2 + 3*j. List the prime factors of f(0).
2, 7
Let b = -18 + 30. What are the prime factors of b?
2, 3
Suppose -59 = -k + 3*w + 6, -k + 5*w = -57. List the prime factors of k.
7, 11
Let c = -12 + 4. Suppose 0 = -2*p - 42 + 14. Let d = c - p. List the prime factors of d.
2, 3
Suppose 171 = 5*h + 3*q, -7*q + 142 = 4*h - 2*q. Suppose -h = d - 4*d. List the prime factors of d + -2 + (0 - -2).
11
Let q(f) = 14*f + 4. What are the prime factors of q(4)?
2, 3, 5
Let x = 12 - 10. What are the prime factors of (-168)/(-20)*5/x?
3, 7
Let b be 0 + (-2)/1 - -8. Suppose -l = 5*q - 222, 0 = -b*q + 3*q + l + 138. Suppose -21 = -2*u + v - 0*v, q = 4*u - v. List the prime factors of u.
2, 3
Let p be -12*(-2 - 4/(-3)). Let v(z) = 2*z - 7. Let c be v(5). Suppose -t = -c*t + p. What are the prime factors of t?
2
Let i be 2/(-9) - 228/(-54). Suppose 5*d - i*r - 22 = 0, -d - r + 4*r = -11. What are the prime factors of d?
2
Suppose -3*w = -2*w - 48. Suppose 2*s + 2*s = w. Suppose -2*o + s = -0*o. What are the prime factors of o?
2, 3
Let j(o) = 7*o**2 - 3*o. What are the prime factors of j(3)?
2, 3
Let j = -128 - -259. What are the prime factors of j?
131
Let c = 9 + -2. Suppose -c = -u + 4. What are the prime factors of u?
11
Suppose 0 - 8 = -4*t. Suppose -t*x = x - 108. What are the prime factors of x?
2, 3
Suppose k + 2*k + 2*n + 4 = 0, 5*k - 25 = 3*n. Suppose k*w = 2 + 4. Suppose -20 = -z - w*z. What are the prime factors of z?
5
Let t(b) = b + 4. Let f(o) = -o + 1. Let j(g) = 4*f(g) - t(g). Let p be j(1). Let w = p - -7. List the prime factors of w.
2
Suppose -2*b - 4 = -5*f, 3*b = -3*f + 9 + 6. Suppose b*j - 14 = j. What are the prime factors of j?
7
Suppose -2*k = -2*q - 3*q - 48, 3*k - 2*q = 83. List the prime factors of k.
29
Let u(s) = s**3 + 7*s**2 + 8*s + 8. Let m be u(-6). Let y be -2 - m/1*1. List the prime factors of 3 - (0 + 2)/y.
2
Let f be (-2)/3 - (-2)/3. Let b = 2 + f. Suppose 0 = l + b - 7. List the prime factors of l.
5
Suppose -3*b - 2 = -4*m + 2, 2*b - 4 = m. Suppose 0 = m*y - 3*y. Suppose -q - q + 4 = y. What are the prime factors of q?
2
Let h(s) = -5*s - 28. List the prime factors of h(-9).
17
Suppose 45 - 13 = k. Suppose -2*f = -1 - 23. Suppose -k = -u - 5*i, -5*i + 8 = -f. What are the prime factors of u?
2, 3
Let l(j) = 1 + 2*j**3 - 4*j - 3*j**3 - 4*j**2 - 2*j + 4*j. What are the prime factors of l(-4)?
3
Let n(v) = -v - 1. Let h be n(-1). Let l be (h - -7)/(-6 + 7). Suppose -3*f + 24 = 3*o, -5*f + l*o + 13 = 3*o. What are the prime factors of f?
5
Let w = -25 - -33. What are the prime factors of w?
2
Let f be (-1 + -9)*5/(-5). Suppose -j - f - 2 = -q, -j = -5*q + 72. List the prime factors of q.
3, 5
Let d(n) = -n**3 + 11*n**2 + 12. List the prime factors of d(11).
2, 3
Let l = 20 + -37. Let s = 45 + l. What are the prime factors of s?
2, 7
Let f = 94 + -38. What are the prime factors of f?
2, 7
Let x be ((-2)/6)/(1/(-87)). Let q = -47 + x. Let f = -8 - q. What are the prime factors of f?
2, 5
Let g(a) = -a + 16. Let r be g(8). What are the prime factors of (-122)/(-4) + (-4)/r?
2, 3, 5
Suppose 3*i = 4*i + 9. Let c = -5 - i. Suppose -q + 45 = c*q. List the prime factors of q.
3
Let s = 18 - 12. Suppose 5 = -4*l - n + s*n, -15 = -3*n. Suppose l*h - 88 = 12. List the prime factors of h.
2, 5
Suppose 0*p + 20 = 5*p. Suppose -h - 69 = -p*h. What are the prime factors of h?
23
Let r(s) = s**2 - s + 5. Let a be r(0). Suppose a = 3*j - 1. Suppose j*z - 13 = 15. List the prime factors of z.
2, 7
Suppose -3*b - 16 = 2. Let u = 4 - b. What are the prime factors of u?
2, 5
Let b(z) be the first derivative of -5*z**4/2 - 2*z**3/3 - z**2/2 - 1. Suppose 4*i + 4 = -0. List the prime factors of b(i).
3
List the prime factors of (-3303)/(-12) + 6/(-24).
5, 11
List the prime factors of (0 - -1)*(9 - -10).
19
Let b be (16/10)/((-2)/10). Let a = b + 21. List the prime factors of a.
13
Let r = -15 - -25. List the prime factors of r.
2, 5
Let y be ((-4)/(-12))/((-3)/27). List the prime factors of y - (3 - (-48)/(-3)).
2, 5
What are the prime factors of 28/42 + (-22)/(-3)?
2
Suppose -4*w + 120 = w. Let z = -19 + w. List the prime factors of z.
5
What are the prime factors of (-78)/(-104)*(63 - (-1 + 0))?
2, 3
Suppose 0 = 5*p - 5*r - 25, -11 = -4*p - 3*r + 2. Suppose 0*z + 32 = p*z. Suppose -2*j = -6 - z. What are the prime factors of j?
7
Let p = 9 + -5. Suppose 4*l = -p*f + 32, f - 2*l + 4 = -6*l. List the prime factors of f.
2, 3
Let y(c) = 13*c - 25. Let n(m) = 7*m - 13. Let q(w) = 11*n(w) - 6*y(w). What are the prime factors of q(5)?
2
Suppose d + m + 101 = 4*d, 3*d - 5*m - 121 = 0. What are the prime factors of d?
2
List the prime factors of 2/(-7) + (-121)/(-7).
17
Suppose -9*b + 1166 = 131. List the prime factors of b.
5, 23
Let d(z) = z**2 + 5*z + 6. Let v be d(-4). Let s be 1*(v + -6 - 0). Let o = s + 15. What are the prime factors of o?
11
Suppose a = -5*o - a + 135, -5*a = 0. List the prime factors of o.
3
Suppose -i = -5*a + 727, 5*a - 10*i = -13*i + 719. What are the prime factors of a?
5, 29
Let u(w) = 9*w**3 + 2*w**2 - 2*w + 1. Let m be u(1). List the prime factors of (-135)/m*(-1 + -1).
3
Let j = -11 - -5. Let i(p) = -2*p**2 - 3*p**2 - 7*p + 5 + 4*p**2. List the prime factors of i(j).
11
Let b be (-1)/(-1) - 12/(-4). Suppose -2*l - b*p + 56 = 0, -l + 17 + 16 = -3*p. 